{"id":726,"date":"2020-02-13T14:18:00","date_gmt":"2020-02-13T13:18:00","guid":{"rendered":"http:\/\/www.sb-erdbau.at\/?page_id=726"},"modified":"2021-02-25T09:35:55","modified_gmt":"2021-02-25T08:35:55","slug":"leistungsuebersicht-2","status":"publish","type":"page","link":"https:\/\/www.sb-erdbau.at\/?page_id=726","title":{"rendered":"Leistungs\u00fcbersicht"},"content":{"rendered":"\n<p>Mit unseren verschiedenen Maschinen und Ger\u00e4ten sind wir bestens ger\u00fcstet um auf Ihr Bauvorhaben einzugehen.  <\/p>\n\n\n\n<p>Hier finden sie n\u00e4here Informationen zu unseren Leistungsangebot:<\/p>\n\n\n\n<div class=\"wp-block-columns is-layout-flex wp-container-core-columns-is-layout-1 wp-block-columns-is-layout-flex\">\n<div class=\"wp-block-column is-layout-flow wp-block-column-is-layout-flow\">\n<a href=\"http:\/\/www.sb-erdbau.at\/?page_id=687\"><figure class=\"wp-block-image size-large Leistungen\"><img loading=\"lazy\" decoding=\"async\" width=\"659\" height=\"1024\" src=\"http:\/\/www.sb-erdbau.at\/wp-content\/uploads\/2020\/02\/TB290-659x1024.jpg\" alt=\"\" class=\"wp-image-756\" srcset=\"https:\/\/www.sb-erdbau.at\/wp-content\/uploads\/2020\/02\/TB290-659x1024.jpg 659w, https:\/\/www.sb-erdbau.at\/wp-content\/uploads\/2020\/02\/TB290-193x300.jpg 193w, https:\/\/www.sb-erdbau.at\/wp-content\/uploads\/2020\/02\/TB290-768x1193.jpg 768w, https:\/\/www.sb-erdbau.at\/wp-content\/uploads\/2020\/02\/TB290.jpg 800w\" sizes=\"(max-width: 659px) 100vw, 659px\" \/><\/figure><\/a>\n<\/div>\n\n\n\n<div class=\"wp-block-column is-layout-flow wp-block-column-is-layout-flow\">\n<a href=\"http:\/\/www.sb-erdbau.at\/?page_id=746\"><figure class=\"wp-block-image size-large Leistungen\"><img decoding=\"async\" src=\"http:\/\/www.sb-erdbau.at\/wp-content\/uploads\/2021\/02\/St\u00fctzmauern.jpg\" alt=\"\" class=\"wp-image-743\"><\/figure><\/a>\n<\/div>\n\n\n\n<div class=\"wp-block-column is-layout-flow wp-block-column-is-layout-flow\">\n<a href=\"http:\/\/www.sb-erdbau.at\/?page_id=450(\u00f6ffnet in neuem Tab)\"><figure class=\"wp-block-image size-large Leistungen\"><img loading=\"lazy\" decoding=\"async\" width=\"659\" height=\"1024\" src=\"http:\/\/www.sb-erdbau.at\/wp-content\/uploads\/2020\/02\/rasenbearbeitung-659x1024.jpg\" alt=\"\" class=\"wp-image-750\" srcset=\"https:\/\/www.sb-erdbau.at\/wp-content\/uploads\/2020\/02\/rasenbearbeitung-659x1024.jpg 659w, https:\/\/www.sb-erdbau.at\/wp-content\/uploads\/2020\/02\/rasenbearbeitung-193x300.jpg 193w, https:\/\/www.sb-erdbau.at\/wp-content\/uploads\/2020\/02\/rasenbearbeitung-768x1193.jpg 768w, https:\/\/www.sb-erdbau.at\/wp-content\/uploads\/2020\/02\/rasenbearbeitung.jpg 800w\" sizes=\"(max-width: 659px) 100vw, 659px\" \/><\/figure><\/a>\n<\/div>\n<\/div>\n","protected":false},"excerpt":{"rendered":"<p>Mit unseren verschiedenen Maschinen und Ger\u00e4ten sind wir bestens ger\u00fcstet um auf Ihr Bauvorhaben einzugehen. Hier finden sie n\u00e4here Informationen zu unseren Leistungsangebot:<\/p>\n","protected":false},"author":1,"featured_media":0,"parent":0,"menu_order":0,"comment_status":"closed","ping_status":"closed","template":"","meta":{"_acf_changed":false,"footnotes":""},"class_list":["post-726","page","type-page","status-publish","hentry"],"acf":[],"_links":{"self":[{"href":"https:\/\/www.sb-erdbau.at\/index.php?rest_route=\/wp\/v2\/pages\/726"}],"collection":[{"href":"https:\/\/www.sb-erdbau.at\/index.php?rest_route=\/wp\/v2\/pages"}],"about":[{"href":"https:\/\/www.sb-erdbau.at\/index.php?rest_route=\/wp\/v2\/types\/page"}],"author":[{"embeddable":true,"href":"https:\/\/www.sb-erdbau.at\/index.php?rest_route=\/wp\/v2\/users\/1"}],"replies":[{"embeddable":true,"href":"https:\/\/www.sb-erdbau.at\/index.php?rest_route=%2Fwp%2Fv2%2Fcomments&post=726"}],"version-history":[{"count":12,"href":"https:\/\/www.sb-erdbau.at\/index.php?rest_route=\/wp\/v2\/pages\/726\/revisions"}],"predecessor-version":[{"id":866,"href":"https:\/\/www.sb-erdbau.at\/index.php?rest_route=\/wp\/v2\/pages\/726\/revisions\/866"}],"wp:attachment":[{"href":"https:\/\/www.sb-erdbau.at\/index.php?rest_route=%2Fwp%2Fv2%2Fmedia&parent=726"}],"curies":[{"name":"wp","href":"https:\/\/api.w.org\/{rel}","templated":true}]}}